{"id":21,"date":"2022-02-04T10:16:29","date_gmt":"2022-02-04T09:16:29","guid":{"rendered":"https:\/\/www.mobilityandhumanities.it\/bo2022\/?page_id=21"},"modified":"2022-05-09T11:26:44","modified_gmt":"2022-05-09T09:26:44","slug":"il-progetto","status":"publish","type":"page","link":"https:\/\/www.mobilityandhumanities.it\/bo2022\/il-progetto\/","title":{"rendered":"Il progetto"},"content":{"rendered":"<p>[vc_row][vc_column width=&#8221;1\/1&#8243;][\/vc_column][\/vc_row][vc_row][vc_column width=&#8221;1\/1&#8243;][vc_custom_heading text_transform=&#8221;uppercase&#8221; uncode_shortcode_id=&#8221;154964&#8243;]Il database Bo2022<\/p>\n<p>uno strumento per la storia della mobilit\u00e0 accademica[\/vc_custom_heading][\/vc_column][\/vc_row][vc_row][vc_column width=&#8221;1\/1&#8243;][vc_column_text uncode_shortcode_id=&#8221;143537&#8243;]L&#8217;<strong>Universit\u00e0 di Padova<\/strong> fu fondata intorno al <strong>1222<\/strong> da un gruppo di studenti di Bologna ed \u00e8 considerata il secondo <em>Studium<\/em> pi\u00f9 antico d&#8217;Italia.<\/p>\n<p>Nel <strong>2022<\/strong> cade quindi l\u2019<a href=\"https:\/\/800anniunipd.it\/\" target=\"_blank\" rel=\"noopener\">Ottocentenario<\/a> della sua fondazione ed \u00e8 proprio in funzione di questo anniversario che l&#8217;Universit\u00e0 di Padova ha promosso e sta promuovendo molte attivit\u00e0 scientifiche atte a celebrare la sua storia e costruire la sua memoria, sia come istituzione sia come centro scientifico e culturale.<\/p>\n<p>Il <a href=\"http:\/\/dissgea.unipd.it\" target=\"_blank\" rel=\"noopener\">Dipartimento di Scienze Storiche, Geografiche e dell&#8217;Antichit\u00e0 \u2013 DiSSGeA<\/a> ha portato avanti sin dal 2016 un progetto di ricerca chiamato <strong>Bo2022<\/strong>, che prende il nome dal principale edificio storico dell&#8217;universit\u00e0 -Palazzo del Bo- con l\u2019obiettivo di mappare la popolazione accademica dell&#8217;universit\u00e0 dalla sua fondazione, nel 1222, alla seconda met\u00e0 del Novecento.<\/p>\n<p>Per questo scopo \u00e8 stato progettato un database utilizzando il software <a href=\"https:\/\/nodegoat.net\/\" target=\"_blank\" rel=\"noopener\">Nodegoat<\/a>, gi\u00e0 utilizzato dai principali partner del network <a href=\"https:\/\/heloise.hypotheses.org\/\" target=\"_blank\" rel=\"noopener\">H\u00e9loise<\/a> per la storia accademica digitale, e in particolare dal <a href=\"https:\/\/rag-online.org\/\" target=\"_blank\" rel=\"noopener\">RAG \u2013 Repertorum Academicum Germanicum<\/a>, un database prosopografico teso a ricostruire la <em>peregrinatio academica<\/em> e le carriere degli studenti dell\u2019impero germanico tra medioevo e prima et\u00e0 moderna.<\/p>\n<p>Il progetto ha successivamente avuto il sostegno dell&#8217;Ateneo, del <a href=\"https:\/\/www.centrostoria.unipd.it\/\" target=\"_blank\" rel=\"noopener\">CSUP \u2013 Centro per la storia dell\u2019Universit\u00e0 di Padova<\/a>, del\u00a0<a href=\"https:\/\/www.musei.unipd.it\/it\" target=\"_blank\" rel=\"noopener\">CAM &#8211; Centro di Ateneo per i Musei<\/a> e del\u00a0<a href=\"https:\/\/cism.unipd.it\/\" target=\"_blank\" rel=\"noopener\">Centro Interdipartimentale di Storia della Medicina.<\/a>[\/vc_column_text][\/vc_column][\/vc_row][vc_row row_height_percent=&#8221;0&#8243; overlay_alpha=&#8221;50&#8243; gutter_size=&#8221;3&#8243; column_width_percent=&#8221;100&#8243; shift_y=&#8221;0&#8243; z_index=&#8221;0&#8243; uncode_shortcode_id=&#8221;800073&#8243;][vc_column column_width_percent=&#8221;100&#8243; gutter_size=&#8221;3&#8243; overlay_alpha=&#8221;50&#8243; shift_x=&#8221;0&#8243; shift_y=&#8221;0&#8243; shift_y_down=&#8221;0&#8243; z_index=&#8221;0&#8243; medium_width=&#8221;0&#8243; mobile_width=&#8221;0&#8243; width=&#8221;1\/1&#8243; uncode_shortcode_id=&#8221;456582&#8243;][vc_single_image media=&#8221;393&#8243; media_width_percent=&#8221;100&#8243; uncode_shortcode_id=&#8221;103445&#8243;][\/vc_column][\/vc_row]<\/p>\n","protected":false},"excerpt":{"rendered":"<p>[vc_row][vc_column width=&#8221;1\/1&#8243;][\/vc_column][\/vc_row][vc_row][vc_column width=&#8221;1\/1&#8243;][vc_custom_heading text_transform=&#8221;uppercase&#8221; uncode_shortcode_id=&#8221;154964&#8243;]Il database Bo2022 uno strumento per la storia della mobilit\u00e0 accademica[\/vc_custom_heading][\/vc_column][\/vc_row][vc_row][vc_column width=&#8221;1\/1&#8243;][vc_column_text uncode_shortcode_id=&#8221;143537&#8243;]L&#8217;Universit\u00e0 di Padova fu [&hellip;]<\/p>\n","protected":false},"author":1,"featured_media":0,"parent":0,"menu_order":0,"comment_status":"closed","ping_status":"closed","template":"","meta":{"footnotes":""},"class_list":["post-21","page","type-page","status-publish","hentry"],"_links":{"self":[{"href":"https:\/\/www.mobilityandhumanities.it\/bo2022\/wp-json\/wp\/v2\/pages\/21","targetHints":{"allow":["GET"]}}],"collection":[{"href":"https:\/\/www.mobilityandhumanities.it\/bo2022\/wp-json\/wp\/v2\/pages"}],"about":[{"href":"https:\/\/www.mobilityandhumanities.it\/bo2022\/wp-json\/wp\/v2\/types\/page"}],"author":[{"embeddable":true,"href":"https:\/\/www.mobilityandhumanities.it\/bo2022\/wp-json\/wp\/v2\/users\/1"}],"replies":[{"embeddable":true,"href":"https:\/\/www.mobilityandhumanities.it\/bo2022\/wp-json\/wp\/v2\/comments?post=21"}],"version-history":[{"count":18,"href":"https:\/\/www.mobilityandhumanities.it\/bo2022\/wp-json\/wp\/v2\/pages\/21\/revisions"}],"predecessor-version":[{"id":394,"href":"https:\/\/www.mobilityandhumanities.it\/bo2022\/wp-json\/wp\/v2\/pages\/21\/revisions\/394"}],"wp:attachment":[{"href":"https:\/\/www.mobilityandhumanities.it\/bo2022\/wp-json\/wp\/v2\/media?parent=21"}],"curies":[{"name":"wp","href":"https:\/\/api.w.org\/{rel}","templated":true}]}}